*n - 38. Let z be f(-2). What is u(z)?
6
Let r(p) = -5*p**3 + 8 - 64*p + 4*p**3 + 12*p**2 + 21*p + 31*p. What is r(11)?
-3
Let a be ((-6)/4)/(39/130). Let u(d) = 2*d + 6. What is u(a)?
-4
Let y(p) = p**3 + 2*p**2 - 2*p - 2. Let x be y(-2). Suppose x*m - 3*k = -2, m + 4*k = 3*m + 4. Let u(d) = -2*d - 2. What is u(m)?
-6
Let r(g) = g**2 + 2*g - 6. Suppose 3*f - 15 = -15*m + 14*m, 3*m - 17 = -2*f. Calculate r(f).
18
Let t be 5 + -12 - (-285)/40. Let v(f) be the third derivative of 0 + t*f**4 + 0*f + 1/12*f**5 + 5*f**2 + 1/120*f**6 + 5/6*f**3. Give v(-5).
-10
Let z(i) = 5*i + 1. Let b = -36 - -39. Suppose -d - 5 = -5*n + 7*n, -n - 6 = -b*d. Determine z(d).
6
Let w(z) be the third derivative of -z**4/12 + z**3/3 - z**2. Suppose 0 = 2*j - 2 - 2. Suppose -6*r + j*r + 3*d = -24, -r + 5*d + 6 = 0. Determine w(r).
-10
Suppose 0 = -5*g - 2*u + u, -5*g = -2*u. Suppose 3*b + g*c = 4*c - 2, -4*c = b - 26. Let d be b/2 + 3 + 1. Let s(o) = -o + 7. What is s(d)?
0
Suppose 5*d - 2*o + 7 + 12 = 0, 14 = -d - 3*o. Suppose 0 = -j, 4*j + j = -2*h + 12. Let c(v) = -5 + h + v + 3. Calculate c(d).
-1
Let f(x) = -x**2 - 2*x - 7. Let o(u) = 3*u**2 + 7*u + 20. Let j(n) = 11*f(n) + 4*o(n). Let l = -7 - -3. Calculate j(l).
-5
Suppose -2*l + 1 = -y, -4*l + 2*l - 5*y + 31 = 0. Let o(m) = -m - 5*m**2 + 9 - 5*m + 0*m**2 + m**l. Suppose -84 = 8*z - 22*z. Give o(z).
9
Let p(o) = 2*o**2 - 30*o - 35. Let k(t) = 5*t**3 - 7*t**2 + 2*t. Let b be k(2). Calculate p(b).
-3
Let t(j) be the third derivative of -j**4/8 - j**3/6 - j**2 + 8. Calculate t(-7).
20
Let g(l) = -2*l**2 - l - 1. Let y(k) = 5*k**2 + 3*k + 6. Let d(b) = 5*g(b) + y(b). What is d(1)?
-6
Let m(p) be the first derivative of -p**3/3 - p**2/2 + 2*p - 84. Suppose 4*k + 2*z - 10 = 3*z, 3*z + 14 = 4*k. Determine m(k).
-4
Let l(n) be the second derivative of -n**3/2 - 3*n**2/2 + 18*n. Let b(x) = x**3 + 11*x**2 - 11*x. Let w be b(-12). Let z = w + 10. What is l(z)?
3
Let i(l) = 52*l + 7*l**2 - 51*l + 3 - 5. What is i(1)?
6
Suppose 0 = 2*u - 17 - 5. Let b(y) = -y**2 + 11*y + 2. Let c be b(u). Suppose -3*g - 8 = -6*g - c*v, 4*v - 16 = g. Let m(w) = -w**2 + w - 6. Determine m(g).
-6
Let k(s) = -s**2 - 2*s + 4. Let t(c) = -c**2 - 14*c + 3. Let y = 97 + -607. Let p be 1/6 - y/(-36). Let x be t(p). Calculate k(x).
-11
Suppose 0 = 2*s - 8, 2*w + 0*s - 26 = -5*s. Let d(u) = -u**3 + 3*u**2 - 3*u - 2. Give d(w).
-11
Let i(a) = -2*a**3 - a**2 - a - 1. Let s(g) = 11*g**3 - 2*g**2 + 7*g - 4. Let q(x) = -5*i(x) - s(x). Determine q(7).
-5
Let v be 1/(-4) - (5 + 455/(-28)). Suppose 16 = v*m - 17. Let l(n) = 5*n - 2. Give l(m).
13
Let q(y) = y**3 + 13*y**2 + 11*y + 4. Let o be 6*(-1 - (3 + -2)). What is q(o)?
16
Suppose -i = v - 40, -4*i = 5*v - 0*i - 200. Let g = v - 27. Let h = -8 + g. Let x(o) = o**2 - 5*o + 7. Determine x(h).
7
Let l(v) be the first derivative of -3*v**2/2 - 9*v - 710. Determine l(-4).
3
Let a(k) = k**2 + 8*k + 4. Let h(p) = -p**3 - 10*p**2 + 13*p + 121. Let s be h(-10). Calculate a(s).
13
Suppose -41*m + 43*m + 10 = 0. Let i(s) = -12*s - 5. What is i(m)?
55
Suppose -5*y - 10 = 3*g + 2, -2*g = -2. Let i(z) = -4*z + 2. Let b(r) = -5*r + 2. Let j(l) = -4*b(l) + 3*i(l). Calculate j(y).
-26
Let p(v) be the third derivative of -v**6/60 - v**5/20 - v**4/12 + v**3/6 - 3*v**2 + 3*v. Let s(f) = f**3 - 9*f**2 - 9*f - 12. Let r be s(10). Calculate p(r).
9
Suppose 2*s = 20*s + 90. Let r(z) = -z**3 - 6*z**2 - 4*z - 3. Determine r(s).
-8
Let a(q) = q + 8. Let s(g) = g**2 - 4*g + 1. Suppose -j + 4*n = -0*n - 13, 4*n = -16. Let b be s(j). Suppose 2*v + 15 = -3*l, -4*l - 4*v + 2 = b. What is a(l)?
3
Suppose 9*p - 12*p - 9 = 3*r, -35 = 5*r - 5*p. Let h(w) = -w**2 - 5*w - 2. What is h(r)?
-2
Let i(u) be the second derivative of u**5/20 - u**4/2 + u**3/2 - 9*u**2/2 - 444*u. Calculate i(6).
9
Let k(f) = -5*f**2 + 17*f**2 - 5*f - 2*f**2 - 9*f**2. What is k(6)?
6
Let d be (6/(-5))/((-30)/100). Let t be (d/(-6))/((-14)/(-147)). Let i(l) be the first derivative of -l**2/2 + 3. What is i(t)?
7
Let l(x) = x + 10 + 12 + 6 - 2. Calculate l(0).
26
Let c = 263 - 1571/6. Let x(o) be the third derivative of 1/24*o**4 + 3*o**2 + 0*o + c*o**3 + 0. What is x(-4)?
3
Let t(o) = -48*o - 4 - 8 - 8 + 86*o - 41*o. Determine t(-7).
1
Let s(t) = 11 - 6 + t**2 - 11 - 2 - 7*t - 2. Calculate s(8).
-2
Let n(t) = -5*t + 12*t**2 + 36*t**3 - 7 + 14*t - 4*t**2 - 37*t**3. Determine n(9).
-7
Let t(f) be the third derivative of f**4/24 - f**3/3 - 4*f**2. Let q(l) = l - 5. Let j(r) = -r + 19. Let z be j(14). Let i be q(z). Determine t(i).
-2
Let k(o) = o**2 + 8*o - 22. Suppose -26 = 3*d - 4*y, 5*d + 36*y = 39*y - 47. Determine k(d).
-2
Let q(f) be the second derivative of -17/2*f**2 - 11*f - 1/12*f**4 - 1/6*f**3 + 0 - 1/20*f**5. Give q(0).
-17
Let f(s) = 0 - s + 0. Suppose -i = d - 2, -1 = d - 2*i - 6. Suppose d*t - 4 = 2*q, 5*t - 5*q + 6 = 16. What is f(t)?
0
Suppose -3*b - 14 = -20. Let z(y) be the first derivative of 5 + 0*y + 4*y**2 - b*y - 2*y**2 + 3*y. Determine z(1).
5
Let i(n) be the second derivative of -3/2*n**2 + 1/20*n**5 + 4*n + 0 + 4/3*n**3 - 2/3*n**4. Suppose -1 = -m + 2*c - 4, 5*c - 25 = 0. Give i(m).
4
Let i(d) be the second derivative of -d**8/448 - d**6/720 + d**5/120 + 23*d**4/12 - 23*d. Let o(z) be the third derivative of i(z). What is o(1)?
-15
Let v(b) = 2*b**2 - 4*b + 2. Let s(q) = q**2 - 2*q + 2. Let x(y) = 11*s(y) - 6*v(y). What is x(5)?
-5
Let q(t) be the first derivative of -5*t + t**2 - 52 + 2/3*t**3. Give q(-4).
19
Let a(m) be the second derivative of m**4/12 - 5*m**3/6 - 2*m**2 + 61*m. What is a(5)?
-4
Suppose -3*k + 750 = -8*k. Let a = k - -150. Let i(r) = -r**2 + r - 1. Calculate i(a).
-1
Let g(t) = -1. Let v be 1/(-7) + (-520)/35. Let r(d) = 45*d + 190. Let h(y) = -5*y - 21. Let p(n) = -55*h(n) - 6*r(n). Let k(s) = v*g(s) - p(s). What is k(-1)?
5
Suppose 1 = j - 4. Suppose 0 = -j*h + 5. Let y(u) = -6*u**2 - h + 0*u**3 + 6*u + 4*u**3 - 5*u**3 + 2*u**3. What is y(5)?
4
Let f(a) be the second derivative of a**4/12 - a**3/3 - 19*a**2/2 + 7*a + 6. What is f(-4)?
5
Let j(i) = i**2 - 4*i + 1. Suppose x + 5*h - 3 = -21, -4*x + 28 = -5*h. Give j(x).
-3
Suppose -8 = -2*o - j, -o + 22 = 5*j - 0. Suppose -3*p - 15 = 5*u, 2*p - p = o*u - 5. Let f(t) = 8*t**2 + 27*t**2 - 36*t**2 - 6*t - 6 + 7*t. What is f(u)?
-6
Let o(w) = -4*w**2 + 9*w + 20. Let p(i) = -3*i**2 + 9*i + 20. Let l(a) = 4*o(a) - 5*p(a). Determine l(-6).
-2
Let g(w) = 79*w + 11. Let y(z) = 171*z + 25. Let x(u) = 13*g(u) - 6*y(u). Let b be (0 + -1)/(3/(-33)). What is x(b)?
4
Let j(a) = -270 - 269 + 801 + 3*a**2 - a**3 + 7*a - 12*a**2 - 274. Calculate j(-10).
18
Let w be -1 - 2/(4/(3 + 13)). Let a(q) = -q**2 - 6*q + 26. Let c be a(w). Let m(b) be the first derivative of 4*b**3 + b**2/2 - 1. What is m(c)?
11
Let o be (4 + -3)/((-2)/6). Let s(m) = m + 6. Let k(y) = -2*y - 12. Let a(x) = o*k(x) - 5*s(x). Suppose -6*j + 12 = -9*j. Give a(j).
2
Suppose 68*v = 65*v + 6. Let i(g) = -6*g + 4. Give i(v).
-8
Let i(o) = -o**2 - 4*o + 5. Let x(g) = 2*g**2 - 9*g + 1. Let h be x(6). Let t(w) = -w + 14. Let n be t(h). Give i(n).
0
Suppose 0 = -s + 1 + 1. Suppose -4*z = -s*z + 2. Let w(f) = -3*f**3 + f + 2*f**2 + 3*f - 3*f. Determine w(z).
4
Let l(t) = t**3 + 19*t**2 + 19*t - 23. Let v = 1037 - 1055. What is l(v)?
-41
Let t(v) = 3*v**2 + 11*v - 11. Let k(a) = -8*a**2 - 32*a + 32. Let f(d) = -4*k(d) - 11*t(d). Suppose 36 - 1 = 5*p. Determine f(p).
-7
Let j(g) = -3*g**3 - g**2 + 1. Let b be j(-1). Let w(v) be the second derivative of v - 3*v**3 - v + 2*v + 2*v**b. What is w(1)?
-6
Suppose 0 = -11*p + 60 - 38. Let g(b) = -8*b + 2. Calculate g(p).
-14
Let b(c) = c - 8. Let u(d) be the second derivative of -d**3/6 + 11*d**2/2 - d. Let v be u(11). Let k(g) = 2*g. Let s be k(v). Determine b(s).
-8
Let c(s) = -10*s - 29. Let k(y) = -9*y - 30. Let r(q) = -5*c(q) + 6*k(q). Let x be r(-8). Let h(u) = u**2 - u - 3. Calculate h(x).
9
Let t(v) = -6*v**2 - 7*v - 3. Let w(u) = 4 + 41*u - 4 - 40*u + u**2. Let o(g) = -t(g) - 5*w(g). Let f = -75 + 71. What is o(f)?
11
Let k be (6/8)/((-1)/(-8)). Let l(b) be the first derivative of -b**3/3 + 2*b**2 - 19*b - 32. Let h(i) be the first derivative of l(i). Give h(k).
-8
Let m(o) be the first derivative of -1/4*o**4 + 5*o + 1/3*o**3 + 0*o**2 - 3. Suppose -5*g = -g. Calculate m(g).
5
L